actors of 3036344.
2, 491, 773
What are the prime factors of 7860554?
2, 13, 302329
List the prime factors of 8862.
2, 3, 7, 211
List the prime factors of 379375.
5, 607
What are the prime factors of 985868?
2, 13, 18959
List the prime factors of 2542327.
2542327
What are the prime factors of 967063?
29, 33347
List the prime factors of 11320790.
2, 5, 13, 87083
List the prime factors of 8490286.
2, 7, 606449
List the prime factors of 773412.
2, 3, 64451
What are the prime factors of 105829?
105829
List the prime factors of 11470190.
2, 5, 59, 19441
List the prime factors of 722423.
13, 61, 911
What are the prime factors of 223642?
2, 111821
What are the prime factors of 3505968?
2, 3, 97, 251
List the prime factors of 126814.
2, 163, 389
List the prime factors of 672819.
3, 7, 23, 199
What are the prime factors of 1360956?
2, 3, 23, 4931
List the prime factors of 714015.
3, 5, 41, 43
What are the prime factors of 106971?
3, 181, 197
List the prime factors of 6260.
2, 5, 313
What are the prime factors of 4624402?
2, 2312201
What are the prime factors of 263124?
2, 3, 7309
List the prime factors of 821376.
2, 3, 23, 31
What are the prime factors of 1269558?
2, 3, 251, 281
What are the prime factors of 658959?
3, 7, 31379
What are the prime factors of 8023299?
3, 53, 50461
What are the prime factors of 15171164?
2, 3792791
What are the prime factors of 2196218?
2, 1098109
What are the prime factors of 10502368?
2, 109, 3011
List the prime factors of 4683478.
2, 197, 11887
What are the prime factors of 412841?
11, 13, 2887
List the prime factors of 802080.
2, 3, 5, 557
List the prime factors of 1012918.
2, 506459
What are the prime factors of 9511076?
2, 2377769
List the prime factors of 4837074.
2, 3, 11, 83, 883
List the prime factors of 9303.
3, 7, 443
What are the prime factors of 854607?
3, 13, 17, 1289
List the prime factors of 27390839.
7, 167, 23431
What are the prime factors of 500863?
11, 45533
List the prime factors of 384843.
3, 163, 787
What are the prime factors of 265817?
227, 1171
What are the prime factors of 13021485?
3, 5, 151, 5749
List the prime factors of 156692.
2, 43, 911
List the prime factors of 841175.
5, 33647
List the prime factors of 52358.
2, 47, 557
List the prime factors of 5452533.
3, 605837
List the prime factors of 23864511.
3, 11, 723167
List the prime factors of 110091.
3, 36697
What are the prime factors of 2242205?
5, 7, 64063
List the prime factors of 730194.
2, 3, 131, 929
List the prime factors of 121918.
2, 47, 1297
What are the prime factors of 21540876?
2, 3, 7, 101, 2539
What are the prime factors of 8292540?
2, 3, 5, 138209
List the prime factors of 1406147.
59, 23833
List the prime factors of 14155362.
2, 3, 13, 60493
List the prime factors of 3314404.
2, 828601
List the prime factors of 90782.
2, 19, 2389
What are the prime factors of 261804?
2, 3, 21817
What are the prime factors of 18855520?
2, 5, 191, 617
What are the prime factors of 19917211?
37, 538303
List the prime factors of 18919133.
23, 822571
List the prime factors of 1312221.
3, 29, 15083
What are the prime factors of 662109?
3, 7, 41, 769
List the prime factors of 63787.
227, 281
What are the prime factors of 4599334?
2, 2299667
What are the prime factors of 19928?
2, 47, 53
List the prime factors of 5914741.
7, 120709
What are the prime factors of 11740429?
11740429
What are the prime factors of 18808441?
67, 347, 809
What are the prime factors of 2620670?
2, 5, 13, 19, 1061
What are the prime factors of 1532903?
1532903
List the prime factors of 914567.
43, 21269
What are the prime factors of 397229?
7, 56747
What are the prime factors of 18493104?
2, 3, 7, 23, 2393
What are the prime factors of 645675?
3, 5, 8609
What are the prime factors of 30540?
2, 3, 5, 509
List the prime factors of 7010629.
643, 10903
List the prime factors of 110198.
2, 11, 5009
What are the prime factors of 11095657?
1949, 5693
List the prime factors of 3360114.
2, 3, 29, 41, 157
List the prime factors of 154536.
2, 3, 47, 137
What are the prime factors of 4721900?
2, 5, 23, 2053
List the prime factors of 2848810.
2, 5, 284881
What are the prime factors of 16180954?
2, 839, 9643
List the prime factors of 13262.
2, 19, 349
List the prime factors of 100076.
2, 127, 197
What are the prime factors of 29797055?
5, 5959411
What are the prime factors of 22502?
2, 11251
What are the prime factors of 396651?
3, 109, 1213
What are the prime factors of 1746590?
2, 5, 174659
What are the prime factors of 302481?
3, 17, 659
What are the prime factors of 142391?
142391
What are the prime factors of 2203629?
3, 734543
What are the prime factors of 2616791?
2616791
What are the prime factors of 28868619?
3, 13, 19, 38959
What are the prime factors of 867958?
2, 7, 13, 19, 251
What are the prime factors of 80410?
2, 5, 11, 17, 43
List the prime factors of 4640425.
5, 419, 443
What are the prime factors of 15973595?
5, 11, 290429
List the prime factors of 1130233.
13, 227, 383
List the prime factors of 7851172.
2, 7, 41, 977
What are the prime factors of 17459?
13, 17, 79
What are the prime factors of 2047771?
11, 186161
List the prime factors of 4734134.
2, 29, 31, 2633
List the prime factors of 913114.
2, 456557
List the prime factors of 1887359.
1887359
What are the prime factors of 637808?
2, 39863
List the prime factors of 206322.
2, 3, 137, 251
List the prime factors of 540208.
2, 19, 1777
What are the prime factors of 2601885?
3, 5, 11, 13, 1213
List the prime factors of 3198012.
2, 3, 23, 11587
What are the prime factors of 1340942?
2, 670471
List the prime factors of 1854591.
3, 71, 8707
What are the prime factors of 818040?
2, 3, 5, 17, 401
What are the prime factors of 464350?
2, 5, 37, 251
List the prime factors of 2024801.
73, 27737
What are the prime factors of 173222?
2, 7, 12373
What are the prime factors of 403356?
2, 3, 33613
What are the prime factors of 172648?
2, 7, 3083
List the prime factors of 21915526.
2, 107, 102409
What are the prime factors of 2685826?
2, 11, 13, 9391
List the prime factors of 5484038.
2, 7, 391717
What are the prime factors of 27635240?
2, 5, 43, 16067
What are the prime factors of 73636?
2, 41, 449
What are the prime factors of 7957002?
2, 3, 1326167
What are the prime factors of 13864753?
7, 1231, 1609
What are the prime factors of 711925?
5, 28477
List the prime factors of 264307.
113, 2339
List the prime factors of 77409.
3, 47, 61
What are the prime factors of 301893?
3, 103, 977
List the prime factors of 321393.
3, 149, 719
List the prime factors of 1467554.
2, 11, 41, 1627
What are the prime factors of 57891?
3, 23, 839
What are the prime factors of 8244987?
3, 449, 6121
List the prime factors of 24829449.
3, 277, 29879
What are the prime factors of 294512?
2, 79, 233
List the prime factors of 1882652.
2, 470663
List the prime factors of 479138.
2, 11, 29, 751
What are the prime factors of 3551497?
157, 22621
List the prime factors of 17123795.
5, 13, 263443
List the prime factors of 1735946.
2, 79, 10987
What are the prime factors of 232933?
109, 2137
List the prime factors of 599869.
599869
What are the prime factors of 1257753?
3, 7, 101, 593
List the prime factors of 617450.
2, 5, 53, 233
List the prime factors of 309617.
7, 11, 4021
List the prime factors of 6452199.
3, 13, 55147
What are the prime factors of 1178929?
113, 10433
What are the prime factors of 136179?
3, 15131
What are the prime factors of 114243?
3, 113, 337
What are the prime factors of 1594392?
2, 3, 31, 2143
List the prime factors of 1268544.
2, 3, 6607
What are the prime factors of 465889?
173, 2693
What are the prime factors of 278663?
7, 11, 47
What are the prime factors of 254147?
254147
List the prime factors of 11791449.
3, 317, 4133
What are the prime factors of 1926118?
2, 307, 3137
List the prime factors of 259897.
11, 23627
List the prime factors of 8702494.
2, 19, 29, 53, 149
What are the prime factors of 5618519?
83, 139, 487
What are the prime factors of 2630696?
2, 328837
List the prime factors of 215237.
11, 17, 1151
List the prime factors of 1088051.
17, 29, 2207
What are the prime factors of 12446965?
5, 31, 131, 613
List the prime factors of 11731189.
19, 479, 1289
List the prime factors of 16224763.
16224763
List the prime fa